the highest common divisor of 301 and y?
7
Let s(x) = -2*x**2 + 5*x**2 + 3*x + 718 - 710 + 2*x**2. Let r be s(3). What is the highest common divisor of r and 496?
62
Suppose -4*s = 4*a - 404, 3*s - 279 = -7*a + 12*a. What is the greatest common divisor of s and 1862?
98
Let a(b) = 402*b - 2277. Let m be a(6). What is the greatest common factor of 3615 and m?
15
Let x(g) = g**2 + 12*g - 402. Let v be x(-46). Calculate the highest common factor of v and 2822.
166
Suppose 5*x + a = 6, 8*x - 6*x + 8 = -3*a. Let s be x/((-3)/(-6) - 692/1416). Calculate the highest common divisor of 59 and s.
59
Let j(l) = 5*l - 1. Let z be j(-1). Let b = -2 - z. Let k be 14 + -2 - (167 + -156). What is the greatest common divisor of b and k?
1
Suppose 4*a + 16 = 3*z - z, -3*a = -z + 10. Suppose -4*d - 51 = -2*y + 9, 0 = z*d + 20. Let w = 59 - y. What is the highest common factor of w and 13?
13
Let z(u) = 19*u**3 - 4*u**2 + 2. Let c(i) = -i**2 - i. Let w(s) = -2*c(s) + 2*z(s). Let q be w(2). What is the highest common divisor of 32 and q?
32
Let m be (-15 + 2 - 1)/(210/(-12) - -17). Suppose 1553 = 5*n - 5*r - 827, -2*n + 952 = -5*r. What is the greatest common factor of m and n?
28
Suppose -15 = -6*y - 15. Suppose -21*d - 16 + 58 = y. Calculate the greatest common factor of d and 18.
2
Suppose 437 = 17*p - 0*p + 2*p. Let w be (-23)/(0 - 3/135). Suppose 0 = -h - 4*h + w. What is the greatest common factor of h and p?
23
Suppose 0 = -2*o + 4*n - 6, 2*o - 18*n - 6 = -17*n. Suppose 2*d = 0, 0 = -2*u + o*d + 10 + 14. Calculate the greatest common factor of 192 and u.
12
Let o be (7 - 3 - -18)*(-2)/(-4). Suppose o*b + 2331 - 10196 = 0. Calculate the greatest common factor of 55 and b.
55
Suppose 12 = 4*p - 0*p. Let x = -21632 - -21638. What is the greatest common factor of x and p?
3
Suppose 0 = -14*c + 11*c. Let t be 53 - -4 - -3 - (c + 0). Suppose -2*q + t = q + 5*p, 4*q = -p + 63. What is the highest common divisor of q and 120?
15
Let b = -13 + 50. Let v be 4*(-12)/16 - (-2 - 12). Suppose -4070 = -v*f + f. What is the highest common factor of b and f?
37
Let d(q) = -3*q**3 - 34*q**2 + 116*q - 105. Let f be d(-17). Calculate the greatest common divisor of f and 4.
4
Let t be (-15169)/(-3) + 1020/(-306). What is the highest common divisor of 31 and t?
31
Suppose -16*i + 12*i - 16728 = -12*i. What is the highest common divisor of 369 and i?
123
Suppose -5*w + 7*w = 24. Suppose 0 = -5*a - 4*h + 500, w*a - 297 = 9*a - 3*h. Calculate the greatest common divisor of a and 117.
13
Let t = 124 - 267. Let s be 409/11 + 26/t. Suppose s = 5*w - 68. What is the highest common factor of 6 and w?
3
Suppose 209*m - 13703 = 9496. Calculate the greatest common divisor of 41736 and m.
111
Suppose 609*v - 608*v - 22 = 2*g, 2*g - 110 = -5*v. Suppose 2*t - 225 = 259. Calculate the highest common factor of t and v.
22
Let n be 15 - ((-168)/(-7))/(-4). Suppose 3*o = 4*d - 135, d + 140 + 21 = -4*o. Let p = o - -146. What is the greatest common divisor of p and n?
21
Suppose -15*b + 8 = -7. Let p be (b - 2/3)/(18/648). Suppose -c = 5*i + 2*c - 234, 184 = 4*i + 4*c. Calculate the greatest common factor of p and i.
12
Let p = -566 - -867. Let o = p - 112. Calculate the highest common factor of o and 63.
63
Let a(g) = g**3 + 7*g**2 - 2*g - 6. Let i = -12 + 6. Let c be a(i). Let b be (-2)/((-60)/(-252) - 2/8). What is the greatest common factor of b and c?
42
Let b be (-6)/(-3) + 2/(4/2). Suppose -b*y + 15 = -0. Suppose 57 = 5*c - w, -y*c - 3*w = 2*w - 45. What is the greatest common divisor of 11 and c?
11
Let b be -45*(25/50 - ((-5)/6 - -2)). What is the greatest common divisor of b and 635?
5
Let l = 1141 - 220. Let u = l - 911. What is the highest common factor of u and 250?
10
Suppose -2*l - 3*d + 15 = 0, 2*l + 16*d = 20*d - 6. What is the greatest common divisor of 411 and l?
3
Let r(l) = -11*l**3 - 4*l**2 + 16*l + 68. Let b be r(-8). What is the highest common divisor of b and 24?
12
Suppose 2*o + 16 = 6*o. Let i(v) = 79 - 133 - 5 - v**2 - 20*v. Let p be i(-7). Calculate the highest common divisor of p and o.
4
Let k = -195 - -200. Let r(a) = 2*a**2 - 10*a + 43. Let d be r(k). Calculate the highest common divisor of 301 and d.
43
Let s be 0 - 1*-1 - -119. Suppose 8280*h - 8277*h + 3*t - 108 = 0, 2*h = 4*t + 96. What is the greatest common factor of h and s?
40
Let b be -8 - -12 - (7 - 0). Let h be 258/2 - 9/b. Suppose -4*l = 2*r - l - 30, 0 = 5*r + 5*l - 70. What is the highest common factor of h and r?
12
Let l = -52 + 35. Let a(s) = -s + 32. Let u be a(l). Suppose -o - 3*c = -4 - 19, -2*o = 2*c - 34. What is the greatest common factor of o and u?
7
Let a(p) = 17*p + 63 - 2*p**2 - 10*p**2 + 6*p**2 + 7*p**2. Let k be a(-14). Calculate the greatest common divisor of k and 3.
3
Let q be (-3 - -4)*1 + 1. Suppose 18*n - 92 = 34. Calculate the highest common factor of q and n.
1
Let u = -84 + 83. Let h be (1 - u) + 3 + -2. Suppose 4*y = -3*s + 17, s - h*y = -2 - 1. What is the greatest common divisor of s and 27?
3
Let n(q) = 317*q + 1302. Let a be n(-4). What is the highest common divisor of a and 21454?
34
Let b(q) be the third derivative of -2/3*q**3 + 12*q**2 + 5/24*q**4 + 0*q + 0. Let u be b(6). What is the highest common divisor of 130 and u?
26
Suppose 15 = -0*k + 3*k. Let q = -818 - -1253. Suppose 4*c - q = -k*l, l = -5*c - l + 548. Calculate the greatest common factor of 10 and c.
10
Let i be 54/(-4)*520/(-60). Suppose 113 = 3*q + r, 5*q - 48 = 3*r + i. Calculate the highest common divisor of 12 and q.
12
Let m(q) = -27*q + 4139. Let a be m(-51). Calculate the highest common factor of 84 and a.
28
Let l(m) = 2*m**2 - 42*m + 266. Let n be l(8). What is the greatest common factor of 29 and n?
29
Suppose 180 = -21*w + 41*w. Suppose 5*v = 3*k - 31, 5*k - w*k - 5*v + 53 = 0. What is the highest common factor of k and 64?
4
Let k = 8 + 2. Suppose s + 3*b - 1 = 4, -3*s = 2*b - 15. Suppose -4*u = -2*a - 6, 2*u - u - s = -3*a. What is the highest common divisor of k and u?
2
Suppose -4*d + 18 = 5*d. Suppose -2*m - 118 = z - 5*z, -2*m + 56 = d*z. Calculate the greatest common factor of z and 58.
29
Let d(v) = -v**2 + 15*v + 21. Let x = 69 + -54. Let o be d(x). Calculate the highest common divisor of 105 and o.
21
Suppose -3530*b = 1069*b - 193158. Let x(t) = t + 56. Let j be x(0). Calculate the highest common divisor of b and j.
14
Let x be 28*(6/4 + -1). Suppose 8*h + 171 = 875. Suppose -4*n + 4*a + 344 = 0, -2*a - h = n - 2*n. What is the greatest common divisor of x and n?
14
Let g(p) = p**3 - 8*p**2 - 13*p + 12. Let n be g(10). Suppose -6 = -k + 2*s, 9*k - 4*k + 3*s - n = 0. What is the highest common factor of 266 and k?
14
Let u be (4/(-10))/(7/(-210)). Suppose -4*t = 5*c + 24, -1529*t + 1530*t + 5*c + 36 = 0. Calculate the greatest common factor of u and t.
4
Suppose -37*i + 21643 = 6*i - 33827. What is the highest common factor of i and 90?
30
Suppose 5*n - 4*i - 25 = 0, 4*n - 2*i = 3*n + 5. Suppose -n*g - 3*l = -0*l - 1286, -4*g - 5*l + 1034 = 0. Calculate the greatest common divisor of 32 and g.
32
Let h = -9346 - -11260. What is the greatest common divisor of 66 and h?
66
Let m(u) = -33*u - 99. Let f be m(-9). Suppose -f = -5*x + 72. What is the highest common divisor of x and 90?
18
Let p be (1478 - 1) + (-2 - (-15)/(-3)). What is the greatest common factor of 60 and p?
30
Let r be 4/(-20)*-4*865. Suppose 5*u - 331 = -5*c + 364, -4*c + r = 5*u. Calculate the greatest common divisor of u and 17.
17
Let m = 204 - 196. Let f = m - -102. Calculate the highest common divisor of 11 and f.
11
Let g = 1352 - 1300. Calculate the greatest common divisor of g and 3874.
26
Let z(f) = f**3 + 8*f**2 - 3*f - 6. Let w be z(-7). Let x = 67 - w. Let n be (0 - x) + (54 - 6). What is the greatest common divisor of n and 75?
15
Let y be 31862/4 + 231/(-462). Calculate the greatest common divisor of y and 270.
135
Suppose 39*u - 42*u + 1243 = -2*x, 5*u - 2030 = -5*x. What is the highest common divisor of 9 and u?
3
Suppose 2*w - 6 = 0, -2*h + 4*w = -3*h + 24. Let z = 64831 + -64819. What is the highest common divisor of z and h?
12
Suppose -8 = -48*u + 6040. What is the highest common factor of 63 and u?
63
Suppose 0 = -52*a + 60*a. Suppose a = 3*i + 15*i - 72. Let u = 71 + -43. What is the greatest c